atest common divisor of 77 and 33.
11
What is the highest common divisor of 310 and 434?
62
What is the greatest common divisor of 18 and 4869?
9
Calculate the highest common divisor of 1232 and 242.
22
What is the highest common divisor of 675 and 54?
27
What is the highest common factor of 136 and 16?
8
What is the greatest common divisor of 715 and 10?
5
Calculate the highest common divisor of 18 and 846.
18
What is the greatest common divisor of 14 and 4529?
7
Calculate the greatest common divisor of 5280 and 8360.
440
Calculate the highest common divisor of 91 and 35.
7
What is the greatest common divisor of 9517 and 31?
31
What is the greatest common divisor of 119 and 7395?
17
What is the highest common factor of 1652 and 56?
28
Calculate the greatest common factor of 141 and 47.
47
What is the highest common factor of 576 and 19296?
288
What is the highest common factor of 180 and 45?
45
What is the greatest common factor of 30 and 18?
6
Calculate the highest common factor of 12 and 21.
3
Calculate the highest common factor of 215 and 516.
43
Calculate the highest common divisor of 84 and 651.
21
Calculate the highest common factor of 1343 and 17.
17
What is the greatest common divisor of 350 and 875?
175
Calculate the highest common factor of 73 and 4453.
73
Calculate the highest common factor of 4096 and 1.
1
Calculate the greatest common divisor of 380 and 228.
76
Calculate the greatest common divisor of 4642 and 44.
22
Calculate the highest common factor of 33 and 96459.
33
What is the greatest common factor of 245 and 420?
35
What is the greatest common factor of 42 and 231?
21
What is the highest common factor of 128 and 32?
32
What is the greatest common factor of 42 and 63?
21
Calculate the greatest common divisor of 189 and 1197.
63
Calculate the highest common divisor of 385 and 133.
7
Calculate the highest common divisor of 965 and 40.
5
What is the highest common divisor of 270 and 120?
30
Calculate the greatest common factor of 23 and 575.
23
What is the highest common factor of 50 and 2?
2
What is the highest common factor of 18504 and 72?
72
Calculate the greatest common factor of 5 and 10385.
5
Calculate the highest common factor of 1855 and 1696.
53
Calculate the highest common factor of 20 and 32.
4
Calculate the greatest common factor of 10528 and 56.
56
What is the greatest common factor of 1090 and 10?
10
What is the greatest common factor of 18 and 9?
9
Calculate the highest common divisor of 26 and 221.
13
Calculate the highest common factor of 74 and 259.
37
What is the highest common divisor of 90 and 1170?
90
Calculate the highest common divisor of 21 and 77.
7
Calculate the greatest common factor of 240 and 5616.
48
What is the highest common divisor of 1292 and 170?
34
Calculate the greatest common divisor of 279 and 248.
31
Calculate the highest common divisor of 207 and 92.
23
Calculate the greatest common factor of 115 and 69.
23
What is the greatest common divisor of 150 and 24?
6
What is the greatest common factor of 234 and 338?
26
What is the highest common divisor of 432 and 16?
16
Calculate the highest common divisor of 58 and 1334.
58
Calculate the greatest common factor of 2512 and 16.
16
What is the greatest common factor of 110 and 1210?
110
Calculate the greatest common factor of 196 and 1078.
98
Calculate the highest common divisor of 265 and 5.
5
Calculate the highest common divisor of 640 and 190.
10
Calculate the greatest common divisor of 216 and 288.
72
Calculate the highest common factor of 82 and 10.
2
What is the greatest common divisor of 198 and 108?
18
What is the greatest common factor of 148 and 407?
37
What is the greatest common factor of 30 and 340?
10
What is the highest common divisor of 138 and 621?
69
Calculate the greatest common divisor of 66 and 242.
22
Calculate the highest common divisor of 14 and 2.
2
What is the greatest common factor of 2 and 562?
2
What is the highest common divisor of 2720 and 304?
16
Calculate the highest common factor of 238 and 42.
14
Calculate the greatest common factor of 45 and 4365.
45
What is the greatest common divisor of 1081 and 161?
23
Calculate the greatest common factor of 235 and 10.
5
What is the highest common divisor of 43183 and 62?
31
Calculate the greatest common factor of 48 and 636.
12
What is the greatest common divisor of 1386 and 44?
22
What is the highest common factor of 5825 and 932?
233
Calculate the greatest common factor of 51 and 833.
17
What is the greatest common factor of 10 and 65?
5
Calculate the greatest common divisor of 15092 and 1029.
343
What is the greatest common divisor of 36 and 900?
36
Calculate the highest common factor of 39 and 22828.
13
What is the greatest common divisor of 29 and 1769?
29
Calculate the greatest common divisor of 77 and 33.
11
Calculate the greatest common divisor of 280 and 90.
10
What is the highest common factor of 23 and 299?
23
What is the highest common factor of 522 and 18966?
174
What is the highest common factor of 11 and 10813?
11
What is the highest common factor of 2355 and 15?
15
Calculate the greatest common divisor of 7 and 3409.
7
Calculate the greatest common factor of 3000 and 1680.
120
What is the greatest common factor of 10 and 270?
10
Calculate the greatest common factor of 20 and 5.
5
Calculate the highest common factor of 9 and 369.
9
What is the highest common factor of 1296 and 16?
16
What is the highest common factor of 781 and 77?
11
Calculate the highest common divisor of 12 and 13812.
12
Calculate the highest common divisor of 498 and 9.
3
Calculate the greatest common divisor of 40 and 320.
40
What is the highest common divisor of 9694 and 74?
74
Calculate the greatest common factor of 1413 and 18.
9
Calculate the highest common divisor of 230 and 40365.
115
What is the greatest common divisor of 312 and 13624?
104
Calculate the greatest common factor of 39 and 1053.
39
Calculate the highest common divisor of 104 and 637.
13
Calculate the highest common divisor of 11382 and 42.
42
What is the greatest common factor of 663 and 85?
17
Calculate the greatest common factor of 341 and 44.
11
Calculate the highest common factor of 15 and 3945.
15
What is the highest common factor of 31 and 2?
1
Calculate the highest common divisor of 169 and 2444.
13
Calculate the greatest common divisor of 182 and 14.
14
Calculate the highest common divisor of 555 and 148.
37
What is the greatest common divisor of 9 and 603?
9
Calculate the greatest common factor of 202 and 505.
101
Calculate the highest common factor of 392 and 42.
14
Calculate the highest common divisor of 20 and 590.
10
Calculate the highest common factor of 15 and 405.
15
What is the highest common factor of 56 and 2688?
56
What is the highest common divisor of 13 and 5148?
13
What is the highest common divisor of 225 and 315?
45
What is the highest common divisor of 8 and 80?
8
Calculate the highest common divisor of 495 and 45.
45
Calculate the greatest common factor of 237 and 35787.
237
What is the highest common factor of 49 and 4361?
49
What is the greatest common factor of 38 and 2470?
38
What is the highest common divisor of 19 and 1?
1
Calculate the highest common factor of 354 and 59.
59
Calculate the highest common divisor of 14508 and 124.
124
Calculate the highest common factor of 40 and 320.
40
What is the greatest common divisor of 306 and 72?
18
Calculate the greatest common factor of 83 and 2573.
83
What is the highest common divisor of 726 and 9559?
121
Calculate the greatest common factor of 553 and 79.
79
What is the highest common factor of 328 and 123?
41
Calculate the greatest common factor of 2884 and 14.
14
Calculate the greatest common factor of 76 and 4750.
38
Calculate the greatest common factor of 2 and 27926.
2
Calculate the greatest common divisor of 16 and 400.
16
Calculate the highest common divisor of 12 and 3.
3
Calculate the highest common factor of 245 and 70.
35
What is the highest common factor of 48 and 200?
8
Calculate the highest common factor of 1875 and 105.
15
What is the greatest common factor of 134 and 11926?
134
Calculate the greatest common divisor of 264 and 330.
66
What is the highest common factor of 783 and 203?
29
Calculate the highest comm